*q**2 + 3*q - 2. Give x(7).
-79
Let b(h) = h**3 - 5*h**2 - 34*h - 19. What is b(9)?
-1
Let j(p) = 2*p**2 + 43*p - 2201. Give j(-45).
-86
Let g(r) = 261*r**2 + 1026*r - 70. What is g(-4)?
2
Let t(w) = 450*w + 3659. Give t(-8).
59
Let f(p) = 1952*p - 13680. What is f(7)?
-16
Let i(t) = -161*t - 1294. Determine i(-8).
-6
Let z(u) = -2*u**2 - 19*u - 50. Calculate z(-4).
-6
Let r(j) = -j**3 - 2*j**2 - 1716*j - 8638. Determine r(-5).
17
Let m(h) = -2*h**2 - 19*h + 38. Determine m(3).
-37
Let i(l) = l**3 + 52*l**2 - 297*l - 696. Give i(-57).
-12
Let p(t) = 42*t + 209. What is p(-7)?
-85
Let p(r) = 2*r**3 + 7*r**2 + r - 13. What is p(-3)?
-7
Let k(y) = y**2 - 213*y + 11185. Calculate k(94).
-1
Let z(h) = -971*h - 5823. Give z(-6).
3
Let f(p) = -p**3 + 9*p**2 + 18*p - 63. Give f(10).
17
Let f(r) = -25*r**2 + 11*r - 28. What is f(2)?
-106
Let h(d) = 102*d - 1701. Determine h(17).
33
Let p(b) = -121*b - 8047. Determine p(-67).
60
Let o(k) = -20*k + 217. What is o(12)?
-23
Let k(c) = -c**3 + 99*c**2 - 101*c + 291. Determine k(98).
-3
Let w(j) = j**3 + 26*j**2 + 9*j + 51. Give w(-26).
-183
Let i(x) = 29*x + 117. Give i(-22).
-521
Let f(p) = -4*p**3 + 143*p**2 - 113*p + 273. Determine f(35).
-7
Let i(j) = -16*j + 54. Determine i(2).
22
Let b(c) = -3*c**2 - 36*c - 29. Give b(-11).
4
Let w(p) = 2*p**2 + 77*p + 71. Give w(-38).
33
Let i(g) = 2*g**3 - 39*g**2 - 23*g + 14. Calculate i(20).
-46
Let j(v) = -408*v - 9793. What is j(-24)?
-1
Let y(t) = 2*t**3 + 449*t**2 + 1762*t - 9. Determine y(-4).
-1
Let j(n) = n**2 + 80*n + 1637. What is j(-42)?
41
Let c(l) = l**2 - 33*l + 107. Calculate c(4).
-9
Let c(o) = o**3 - 7*o**2 - 19*o + 132. What is c(6)?
-18
Let c(w) = 59*w**2 + 17*w - 18. What is c(1)?
58
Let f(k) = 3*k**2 - 19*k + 18. Calculate f(3).
-12
Let h(m) = -32*m**2 - 27*m + 11. What is h(2)?
-171
Let g(p) = p**3 - 70*p**2 + 219*p - 1198. Determine g(67).
8
Let d(h) = -111*h**2 - 448*h - 18. Calculate d(-4).
-2
Let n(i) = i**3 + 19*i**2 + 57*i + 33. Determine n(-15).
78
Let x(c) = -281*c + 277. Calculate x(1).
-4
Let j(z) = z**3 - 11*z**2 + 5*z - 44. Give j(11).
11
Let x(o) = -4*o**2 - 14*o - 42. Calculate x(-3).
-36
Let h(g) = 21*g**3 + 9*g**2 + 14*g + 4. What is h(-2)?
-156
Let v(g) = -g**2 + 5*g + 307. What is v(20)?
7
Let w(k) = k**2 - 7*k - 3. What is w(-2)?
15
Let d(l) = l**3 - 66*l**2 + 2*l - 45. Determine d(66).
87
Let v(k) = 12*k**2 - 46*k + 328. Determine v(7).
594
Let s(j) = -200*j - 2017. Give s(-10).
-17
Let l(v) = 26*v - 1818. What is l(69)?
-24
Let z(x) = -x**3 + 80*x**2 + 1314*x - 21. Calculate z(-14).
7
Let n(o) = -o**3 + 21*o**2 + 36*o + 190. Determine n(23).
-40
Let h(v) = v**2 + 34*v - 1082. What is h(20)?
-2
Let r(x) = 58*x - 802. Give r(20).
358
Let h(b) = 57*b - 311. Give h(6).
31
Let d(a) = -84*a - 166. Give d(-2).
2
Let t(f) = -8*f**2 + 85*f + 13. Give t(11).
-20
Let o(w) = -48*w + 2524. Determine o(53).
-20
Let d(n) = n**2 + n - 106. Determine d(-8).
-50
Let v(d) = 4497*d + 152875. What is v(-34)?
-23
Let o(i) = -10*i**2 - 470*i - 8. Determine o(-47).
-8
Let h(u) = -u**2 - 94*u - 2055. What is h(-59)?
10
Let f(l) = -2*l**3 + 12*l**2 - 34*l + 31. Calculate f(4).
-41
Let f(r) = 2*r**3 + 4*r**2 - 8*r + 8. Determine f(5).
318
Let w(v) = v**2 + 69*v - 6304. Determine w(-121).
-12
Let f(i) = i**3 + 16*i**2 - 2*i + 11. What is f(-16)?
43
Let g(y) = -177*y - 355. Determine g(-2).
-1
Let m(j) = -j**3 + 4*j**2 + 15*j - 10. Calculate m(-7).
424
Let v(m) = -m**2 + 46*m + 1155. Determine v(64).
3
Let m(z) = z**2 - 42*z + 356. Give m(12).
-4
Let v(i) = -i**2 - 68*i + 1247. Give v(15).
2
Let k(g) = 119*g - 1824. Determine k(16).
80
Let p(j) = -2*j**3 - 45*j**2 - 27*j - 114. Determine p(-22).
-4
Let y(x) = -5*x**3 + 120*x**2 + 25. Give y(24).
25
Let n(b) = b**3 - 53*b**2 + 49*b + 101. What is n(52)?
-55
Let p(j) = -55*j + 281. What is p(5)?
6
Let d(x) = x**2 - 173*x - 4316. What is d(-22)?
-26
Let i(w) = -16*w**2 + 245*w - 91. Calculate i(15).
-16
Let k(t) = -t**2 + 8*t + 146. Calculate k(16).
18
Let d(z) = 8*z**3 + 27*z**2 - 2*z - 4. Determine d(-3).
29
Let n(t) = t**3 + 6*t**2 - 22*t + 28. Determine n(-9).
-17
Let o(c) = -2*c**3 - 33*c**2 + 11*c - 174. What is o(-17)?
-72
Let c(g) = 34*g + 197. Calculate c(-5).
27
Let o(y) = -3*y**3 + 172*y**2 + 481*y - 67. Determine o(60).
-7
Let j(p) = -p**3 - 13*p**2 - 7*p - 22. Calculate j(-13).
69
Let b(q) = q**2 - 30*q - 27. Calculate b(28).
-83
Let l(u) = -u**3 - 28*u**2 - 35*u - 14. Determine l(-27).
202
Let d(x) = -x**3 - 2*x**2 - 143*x - 431. Give d(-3).
7
Let c(l) = l**3 - 9*l**2 - 129*l - 76. What is c(17)?
43
Let c(j) = 58*j**3 + 14*j**2 - 14*j. What is c(1)?
58
Let z(m) = -30*m**2 - 2*m + 12. What is z(-2)?
-104
Let p(y) = -y**3 + y**2 + 12*y - 106. Give p(0).
-106
Let k(f) = -f**3 - 34*f**2 - 119*f - 23. Determine k(-30).
-53
Let y(g) = g**3 - 12*g**2 + 18*g - 10. Calculate y(12).
206
Let y(u) = 259*u + 70200. Calculate y(-271).
11
Let w(r) = 48*r - 4811. Calculate w(100).
-11
Let c(j) = -65*j + 273. Give c(3).
78
Let l(d) = -86*d - 669. Determine l(-8).
19
Let u(h) = -8*h**2 - 122*h + 622. Give u(-19).
52
Let p(m) = 371*m + 17025. What is p(-46)?
-41
Let u(l) = -8*l + 180. Calculate u(16).
52
Let y(g) = -g**3 - 11*g**2 - 16*g - 60. Calculate y(-9).
-78
Let z(m) = 8*m**2 + 331*m + 138. Give z(-41).
15
Let z(t) = -121*t - 2295. Calculate z(-19).
4
Let o(d) = d**3 - 12*d**2 + 63*d - 328. Calculate o(11).
244
Let j(h) = -h**3 - 65*h**2 - 355*h - 58. Determine j(-59).
1
Let l(a) = 3*a**3 + 2*a - 71. Give l(0).
-71
Let i(j) = -24*j + 137. Calculate i(12).
-151
Let n(i) = 2*i**3 - 92*i**2 + 358*i - 19. Calculate n(4).
69
Let m(q) = -9*q**2 + 42*q + 84. What is m(6)?
12
Let t(z) = -z**3 - 89*z**2 - 26*z - 2325. Calculate t(-89).
-11
Let t(p) = 6*p**2 + 18*p - 56. Give t(2).
4
Let k(z) = z**3 - 14*z**2 - 27*z + 149. Calculate k(15).
-31
Let x(d) = -177*d - 4421. What is x(-25)?
4
Let b(k) = 4*k**2 - k - 99. Determine b(-5).
6
Let z(m) = -123*m + 16354. Give z(133).
-5
Let m(d) = d**3 - 14*d**2 + 16*d + 45. Give m(12).
-51
Let f(z) = 3*z**3 - 214*z**2 + 21*z + 3552. Calculate f(71).
2
Let j(n) = -n**3 - 35*n**2 + 196*n - 159. Determine j(-40).
1
Let l(h) = -181*h - 2527. What is l(-14)?
7
Let w(j) = -7*j**2 + 261*j + 187. Calculate w(38).
-3
Let u(s) = -8*s**3 + 109*s**2 + 23*s + 139. Give u(14).
-127
Let o(n) = -n**3 + 9*n**2 - 3*n + 112. What is o(10)?
-18
Let f(b) = -7*b**3 + 28*b**2 - 9*b + 26. What is f(4)?
-10
Let b(j) = -4916*j + 29507. Determine b(6).
11
Let k(p) = -14*p**3 - p**2 + 9*p + 52. Give k(-4).
896
Let n(t) = -t**2 - 218*t - 32. Determine n(0).
-32
Let w(b) = 62*b + 7130. Calculate w(-115).
0
Let r(m) = -5*m + 744. What is r(154)?
-26
Let k(l) = 872*l + 7849. Calculate k(-9).
1
Let p(n) = -21*n + 301. What is p(11)?
70
Let f(z) = 6*z**2 - 1694*z + 3927. Determine f(280).
7
Let c(g) = 6*g - 472. Give c(80).
8
Let d(i) = -24*i - 36. Calculate d(-2).
12
Let h(f) = 158*f**2 - 289*f + 5. Give h(2).
59
Let n(m) = -m**2 - 329*m + 642. Calculate n(2).
-20
Let l(u) = 13*u**3 + 117*u**2 - 13*u - 4. Determine l(-9).
113
Let k(j) = -4*j**2 - 11*j + 80. What is k(-9)?
-145
Let q(k) = -249*k - 526. Calculate q(-6).
968
Let l(b) = 3*b**2 + 105*b - 1302. What is l(10)?
48
Let i(r) = 63*r - 143. Calculate i(8).
361
Let u(z) = -583*z + 1147. Give u(2).
-19
Let u(y) = 189*y + 7770. Calculate u(-41).
21
Let c(b) = 851*b + 1708. Determine c(-2).
6
Let x(f) = -187*f**2 + 5*f - 1. Give x(1).
-183
Let q(x) = -220*x + 1555. Give q(7).
15
Let x(w) = 13028*w + 104220. What is x(-8)?
-4
Let a(l) = 33*l - 263. Give a(12).
133
Let m(q) = -q**3 - 7*q**2 + 47*q + 331. Calculate m(-6).
13
Let j(o) = 20*o**2 - 27*o - 2. What is j(3)?
97
Let o(u) = u**3 + 21*u**2 - 15*u + 24. Give o(-22).
-130
Let b(m) = -2*m**3 - 12*m**2 - 6*m + 69. What is b(-7)?
209
Let h(u) = -u**3 - 14*u**2 + 49*u + 135. Determine h(-16).
-137
Let u(o) = 12811*o - 320276. What is u(25)?
-1
Let w(i) = 472*i + 28786. Give w(-61).
-6
Let y(h) = -3*h**2 + 177*h - 23. Determine y(57).
319
Let o(p) = p**2 + 2508*p - 32764. What is o(13)?
9
Let g(y) = -5*y**3 - 230*y**2 - 2*y - 110. Give g(-46).
-18
Let a(o) = 55*o**2 - 1762*o + 66. Calculate a(32).
2
Let w(b) = b**2 - 9*b - 117. Determine w(-6).
-27
Let p(s) = -2*s**2 + 6*s + 183. What is p(-8)?
7
Let c